[INFO] cloning repository https://github.com/Bangboom030518/Pest-Derive-Replacement
[INFO] running `Command { std: "git" "-c" "credential.helper=" "-c" "credential.helper=/workspace/cargo-home/bin/git-credential-null" "clone" "--bare" "https://github.com/Bangboom030518/Pest-Derive-Replacement" "/workspace/cache/git-repos/https%3A%2F%2Fgithub.com%2FBangboom030518%2FPest-Derive-Replacement", kill_on_drop: false }`
[INFO] [stderr] Cloning into bare repository '/workspace/cache/git-repos/https%3A%2F%2Fgithub.com%2FBangboom030518%2FPest-Derive-Replacement'...
[INFO] running `Command { std: "git" "rev-parse" "HEAD", kill_on_drop: false }`
[INFO] [stdout] 2076f9d44a33e348b87c7b9548ef8a0a3081a2ab
[INFO] checking Bangboom030518/Pest-Derive-Replacement against master#9610dfe5a9a731ced1ea4923ecbd0c57fe367898 for beta-170-4
[INFO] running `Command { std: "git" "clone" "/workspace/cache/git-repos/https%3A%2F%2Fgithub.com%2FBangboom030518%2FPest-Derive-Replacement" "/workspace/builds/worker-6-tc1/source", kill_on_drop: false }`
[INFO] [stderr] Cloning into '/workspace/builds/worker-6-tc1/source'...
[INFO] [stderr] done.
[INFO] validating manifest of git repo https://github.com/Bangboom030518/Pest-Derive-Replacement on toolchain 9610dfe5a9a731ced1ea4923ecbd0c57fe367898
[INFO] running `Command { std: CARGO_HOME="/workspace/cargo-home" RUSTUP_HOME="/workspace/rustup-home" "/workspace/cargo-home/bin/cargo" "+9610dfe5a9a731ced1ea4923ecbd0c57fe367898" "metadata" "--manifest-path" "Cargo.toml" "--no-deps", kill_on_drop: false }`
[INFO] started tweaking git repo https://github.com/Bangboom030518/Pest-Derive-Replacement
[INFO] finished tweaking git repo https://github.com/Bangboom030518/Pest-Derive-Replacement
[INFO] tweaked toml for git repo https://github.com/Bangboom030518/Pest-Derive-Replacement written to /workspace/builds/worker-6-tc1/source/Cargo.toml
[INFO] crate git repo https://github.com/Bangboom030518/Pest-Derive-Replacement already has a lockfile, it will not be regenerated
[INFO] running `Command { std: CARGO_HOME="/workspace/cargo-home" RUSTUP_HOME="/workspace/rustup-home" "/workspace/cargo-home/bin/cargo" "+9610dfe5a9a731ced1ea4923ecbd0c57fe367898" "fetch" "--manifest-path" "Cargo.toml", kill_on_drop: false }`
[INFO] running `Command { std: "docker" "create" "-v" "/var/lib/crater-agent-workspace/builds/worker-6-tc1/target:/opt/rustwide/target:rw,Z" "-v" "/var/lib/crater-agent-workspace/builds/worker-6-tc1/source:/opt/rustwide/workdir:ro,Z" "-v" "/var/lib/crater-agent-workspace/cargo-home:/opt/rustwide/cargo-home:ro,Z" "-v" "/var/lib/crater-agent-workspace/rustup-home:/opt/rustwide/rustup-home:ro,Z" "-e" "SOURCE_DIR=/opt/rustwide/workdir" "-e" "CARGO_TARGET_DIR=/opt/rustwide/target" "-e" "CARGO_HOME=/opt/rustwide/cargo-home" "-e" "RUSTUP_HOME=/opt/rustwide/rustup-home" "-w" "/opt/rustwide/workdir" "-m" "1610612736" "--user" "0:0" "--network" "none" "ghcr.io/rust-lang/crates-build-env/linux@sha256:19e73879b68f455e41552ea35293514db52ea292d993f571636dbffedb77a1ee" "/opt/rustwide/cargo-home/bin/cargo" "+9610dfe5a9a731ced1ea4923ecbd0c57fe367898" "metadata" "--no-deps" "--format-version=1", kill_on_drop: false }`
[INFO] [stdout] c435175f742f54fad56e996ae3241dc68616e71d6b78e8493e9e7583bbc55167
[INFO] running `Command { std: "docker" "start" "-a" "c435175f742f54fad56e996ae3241dc68616e71d6b78e8493e9e7583bbc55167", kill_on_drop: false }`
[INFO] running `Command { std: "docker" "inspect" "c435175f742f54fad56e996ae3241dc68616e71d6b78e8493e9e7583bbc55167", kill_on_drop: false }`
[INFO] running `Command { std: "docker" "rm" "-f" "c435175f742f54fad56e996ae3241dc68616e71d6b78e8493e9e7583bbc55167", kill_on_drop: false }`
[INFO] [stdout] c435175f742f54fad56e996ae3241dc68616e71d6b78e8493e9e7583bbc55167
[INFO] running `Command { std: "docker" "create" "-v" "/var/lib/crater-agent-workspace/builds/worker-6-tc1/target:/opt/rustwide/target:rw,Z" "-v" "/var/lib/crater-agent-workspace/builds/worker-6-tc1/source:/opt/rustwide/workdir:ro,Z" "-v" "/var/lib/crater-agent-workspace/cargo-home:/opt/rustwide/cargo-home:ro,Z" "-v" "/var/lib/crater-agent-workspace/rustup-home:/opt/rustwide/rustup-home:ro,Z" "-e" "SOURCE_DIR=/opt/rustwide/workdir" "-e" "CARGO_TARGET_DIR=/opt/rustwide/target" "-e" "CARGO_INCREMENTAL=0" "-e" "RUST_BACKTRACE=full" "-e" "RUSTFLAGS=--cap-lints=forbid" "-e" "RUSTDOCFLAGS=--cap-lints=forbid" "-e" "CARGO_HOME=/opt/rustwide/cargo-home" "-e" "RUSTUP_HOME=/opt/rustwide/rustup-home" "-w" "/opt/rustwide/workdir" "-m" "1610612736" "--user" "0:0" "--network" "none" "ghcr.io/rust-lang/crates-build-env/linux@sha256:19e73879b68f455e41552ea35293514db52ea292d993f571636dbffedb77a1ee" "/opt/rustwide/cargo-home/bin/cargo" "+9610dfe5a9a731ced1ea4923ecbd0c57fe367898" "check" "--frozen" "--all" "--all-targets" "--message-format=json", kill_on_drop: false }`
[INFO] [stdout] 91987a91cbc337f35cd7f75051bc051f3e984be3cd13bb56745cd403f0c1caa0
[INFO] running `Command { std: "docker" "start" "-a" "91987a91cbc337f35cd7f75051bc051f3e984be3cd13bb56745cd403f0c1caa0", kill_on_drop: false }`
[INFO] [stderr]    Compiling proc-macro2 v1.0.43
[INFO] [stderr]    Compiling syn v1.0.99
[INFO] [stderr]     Checking unicode-ident v1.0.3
[INFO] [stderr]     Checking ucd-trie v0.1.5
[INFO] [stderr]     Checking once_cell v1.14.0
[INFO] [stderr]    Compiling quote v1.0.21
[INFO] [stderr]    Compiling thiserror-impl v1.0.34
[INFO] [stderr]     Checking thiserror v1.0.34
[INFO] [stderr]    Compiling pest v2.3.0
[INFO] [stderr]     Checking pest_meta v2.3.0
[INFO] [stderr]     Checking pest_test v0.1.0 (/opt/rustwide/workdir)
[INFO] [stdout] error: expected expression, found `}`
[INFO] [stdout]   --> src/parser.rs:17:9
[INFO] [stdout]    |
[INFO] [stdout] 16 |             1 => 
[INFO] [stdout]    |               -- while parsing the `match` arm starting here
[INFO] [stdout] 17 |         }    
[INFO] [stdout]    |         ^ expected expression
[INFO] [stdout] 
[INFO] [stdout] 
[INFO] [stdout] error: expected expression, found `}`
[INFO] [stdout]   --> src/parser.rs:17:9
[INFO] [stdout]    |
[INFO] [stdout] 16 |             1 => 
[INFO] [stdout]    |               -- while parsing the `match` arm starting here
[INFO] [stdout] 17 |         }    
[INFO] [stdout]    |         ^ expected expression
[INFO] [stdout] 
[INFO] [stdout] 
[INFO] [stdout] error[E0106]: missing lifetime specifier
[INFO] [stdout]    --> src/lib.rs:120:6
[INFO] [stdout]     |
[INFO] [stdout] 116 |     mut pairs: Pairs<'a>,
[INFO] [stdout]     |                ---------
[INFO] [stdout] 117 |     rules: &'a [Rule],
[INFO] [stdout]     |            ----------
[INFO] [stdout] 118 |     name: &'a str,
[INFO] [stdout]     |           -------
[INFO] [stdout] 119 |     index: usize,
[INFO] [stdout] 120 | ) -> Pair {
[INFO] [stdout]     |      ^^^^ expected named lifetime parameter
[INFO] [stdout]     |
[INFO] [stdout]     = help: this function's return type contains a borrowed value with an elided lifetime, but the lifetime cannot be derived from the arguments
[INFO] [stdout] help: consider using the `'a` lifetime
[INFO] [stdout]     |
[INFO] [stdout] 120 | ) -> Pair<'a> {
[INFO] [stdout]     |          ++++
[INFO] [stdout] 
[INFO] [stdout] 
[INFO] [stdout] error[E0412]: cannot find type `BinaryOperator` in this scope
[INFO] [stdout]  --> src/parser.rs:9:43
[INFO] [stdout]   |
[INFO] [stdout] 9 |         let mut operators = Vec::<(usize, BinaryOperator)>::new();
[INFO] [stdout]   |                                           ^^^^^^^^^^^^^^ not found in this scope
[INFO] [stdout]   |
[INFO] [stdout] help: consider importing this enum
[INFO] [stdout]   |
[INFO] [stdout] 1 + use crate::BinaryOperator;
[INFO] [stdout]   |
[INFO] [stdout] 
[INFO] [stdout] 
[INFO] [stdout] error[E0425]: cannot find value `pair` in this scope
[INFO] [stdout]   --> src/parser.rs:12:21
[INFO] [stdout]    |
[INFO] [stdout] 12 |         let inner = pair.into_inner();
[INFO] [stdout]    |                     ^^^^ not found in this scope
[INFO] [stdout] 
[INFO] [stdout] 
[INFO] [stdout] error[E0106]: missing lifetime specifier
[INFO] [stdout]    --> src/lib.rs:120:6
[INFO] [stdout]     |
[INFO] [stdout] 116 |     mut pairs: Pairs<'a>,
[INFO] [stdout]     |                ---------
[INFO] [stdout] 117 |     rules: &'a [Rule],
[INFO] [stdout]     |            ----------
[INFO] [stdout] 118 |     name: &'a str,
[INFO] [stdout]     |           -------
[INFO] [stdout] 119 |     index: usize,
[INFO] [stdout] 120 | ) -> Pair {
[INFO] [stdout]     |      ^^^^ expected named lifetime parameter
[INFO] [stdout]     |
[INFO] [stdout]     = help: this function's return type contains a borrowed value with an elided lifetime, but the lifetime cannot be derived from the arguments
[INFO] [stdout] help: consider using the `'a` lifetime
[INFO] [stdout]     |
[INFO] [stdout] 120 | ) -> Pair<'a> {
[INFO] [stdout]     |          ++++
[INFO] [stdout] 
[INFO] [stdout] 
[INFO] [stdout] error[E0412]: cannot find type `BinaryOperator` in this scope
[INFO] [stdout]  --> src/parser.rs:9:43
[INFO] [stdout]   |
[INFO] [stdout] 9 |         let mut operators = Vec::<(usize, BinaryOperator)>::new();
[INFO] [stdout]   |                                           ^^^^^^^^^^^^^^ not found in this scope
[INFO] [stdout]   |
[INFO] [stdout] help: consider importing this enum
[INFO] [stdout]   |
[INFO] [stdout] 1 + use crate::BinaryOperator;
[INFO] [stdout]   |
[INFO] [stdout] 
[INFO] [stdout] 
[INFO] [stdout] error[E0425]: cannot find value `pair` in this scope
[INFO] [stdout]   --> src/parser.rs:12:21
[INFO] [stdout]    |
[INFO] [stdout] 12 |         let inner = pair.into_inner();
[INFO] [stdout]    |                     ^^^^ not found in this scope
[INFO] [stdout] 
[INFO] [stdout] 
[INFO] [stdout] error: aborting due to 4 previous errors
[INFO] [stdout] 
[INFO] [stdout] 
[INFO] [stdout] Some errors have detailed explanations: E0106, E0412, E0425.
[INFO] [stdout] 
[INFO] [stdout] For more information about an error, try `rustc --explain E0106`.
[INFO] [stdout] 
[INFO] [stderr] error: could not compile `pest_test` (lib) due to 5 previous errors
[INFO] [stderr] warning: build failed, waiting for other jobs to finish...
[INFO] [stdout] error: aborting due to 4 previous errors
[INFO] [stdout] 
[INFO] [stdout] 
[INFO] [stdout] Some errors have detailed explanations: E0106, E0412, E0425.
[INFO] [stdout] 
[INFO] [stdout] For more information about an error, try `rustc --explain E0106`.
[INFO] [stdout] 
[INFO] [stderr] error: could not compile `pest_test` (lib test) due to 5 previous errors
[INFO] running `Command { std: "docker" "inspect" "91987a91cbc337f35cd7f75051bc051f3e984be3cd13bb56745cd403f0c1caa0", kill_on_drop: false }`
[INFO] running `Command { std: "docker" "rm" "-f" "91987a91cbc337f35cd7f75051bc051f3e984be3cd13bb56745cd403f0c1caa0", kill_on_drop: false }`
[INFO] [stdout] 91987a91cbc337f35cd7f75051bc051f3e984be3cd13bb56745cd403f0c1caa0
